 factors of 3731772?
2, 3, 11, 17, 1663
List the prime factors of 13280201.
11, 1207291
What are the prime factors of 3845659?
163, 23593
What are the prime factors of 109010?
2, 5, 11, 991
List the prime factors of 722029.
7, 11, 9377
What are the prime factors of 1307131?
7, 186733
List the prime factors of 500508.
2, 3, 13903
List the prime factors of 3943898.
2, 7, 17, 73, 227
List the prime factors of 1482704.
2, 92669
List the prime factors of 142003.
211, 673
What are the prime factors of 7532202?
2, 3, 1255367
What are the prime factors of 5576489?
5576489
What are the prime factors of 28309469?
28309469
List the prime factors of 114224.
2, 11, 59
List the prime factors of 161535.
3, 5, 11, 89
What are the prime factors of 188693?
188693
List the prime factors of 5225253.
3, 11, 158341
What are the prime factors of 1293859?
7, 184837
List the prime factors of 188511.
3, 31, 2027
List the prime factors of 2291604.
2, 3, 7, 27281
List the prime factors of 23271281.
11, 2115571
List the prime factors of 1291128.
2, 3, 23, 2339
List the prime factors of 966228.
2, 3, 73, 1103
List the prime factors of 411680.
2, 5, 31, 83
What are the prime factors of 299618?
2, 11, 13619
List the prime factors of 3502040.
2, 5, 29, 3019
List the prime factors of 3044301.
3, 13, 78059
What are the prime factors of 227617?
13, 17509
List the prime factors of 2578286.
2, 109, 11827
List the prime factors of 694594.
2, 347297
What are the prime factors of 645687?
3, 7, 37, 277
List the prime factors of 2045065.
5, 11, 19, 103
What are the prime factors of 2912152?
2, 313, 1163
What are the prime factors of 143341?
11, 83, 157
List the prime factors of 155722.
2, 7, 227
What are the prime factors of 509846?
2, 19, 13417
What are the prime factors of 286313?
89, 3217
What are the prime factors of 113916?
2, 3, 11, 863
List the prime factors of 15150980.
2, 5, 13, 19, 3067
List the prime factors of 2549495.
5, 13, 61, 643
List the prime factors of 18737833.
18737833
List the prime factors of 1259890.
2, 5, 19, 349
List the prime factors of 5503439.
113, 431
What are the prime factors of 6763368?
2, 3, 281807
What are the prime factors of 6338257?
6338257
What are the prime factors of 2827756?
2, 797, 887
List the prime factors of 183552.
2, 3, 239
What are the prime factors of 16745706?
2, 3, 89, 10453
List the prime factors of 8125183.
11, 293, 2521
List the prime factors of 1117281.
3, 11, 33857
List the prime factors of 88817.
88817
What are the prime factors of 64868?
2, 16217
List the prime factors of 22225191.
3, 313, 23669
What are the prime factors of 3075994?
2, 1537997
List the prime factors of 726150.
2, 3, 5, 47, 103
What are the prime factors of 874038?
2, 3, 11, 17, 19, 41
List the prime factors of 2092047.
3, 541, 1289
List the prime factors of 103173.
3, 7, 17
List the prime factors of 45799.
13, 271
List the prime factors of 1134665.
5, 7, 17, 1907
What are the prime factors of 2057223?
3, 7, 163, 601
List the prime factors of 269360.
2, 5, 7, 13, 37
What are the prime factors of 529738?
2, 11, 199
List the prime factors of 1118957.
7, 17, 9403
What are the prime factors of 92149?
43, 2143
List the prime factors of 73731.
3, 7, 3511
List the prime factors of 1015333.
11, 241, 383
What are the prime factors of 971360?
2, 5, 13, 467
List the prime factors of 2696775.
3, 5, 41, 877
What are the prime factors of 2810904?
2, 3, 173, 677
What are the prime factors of 236108?
2, 67, 881
List the prime factors of 805479.
3, 268493
List the prime factors of 1661153.
13, 127781
What are the prime factors of 290177?
61, 67, 71
What are the prime factors of 111909?
3, 7, 73
What are the prime factors of 225589?
7, 13, 37, 67
List the prime factors of 4400526.
2, 3, 13, 56417
What are the prime factors of 4102379?
4102379
List the prime factors of 366648.
2, 3, 15277
What are the prime factors of 474225?
3, 5, 6323
List the prime factors of 144304.
2, 29, 311
List the prime factors of 127222.
2, 63611
List the prime factors of 1014042.
2, 3, 169007
List the prime factors of 5669726.
2, 41, 69143
List the prime factors of 171530.
2, 5, 17, 1009
What are the prime factors of 12564371?
23, 337, 1621
What are the prime factors of 7624285?
5, 107, 14251
List the prime factors of 2236065.
3, 5, 13, 11467
List the prime factors of 25121535.
3, 5, 1674769
List the prime factors of 20416922.
2, 10208461
List the prime factors of 1028662.
2, 89, 5779
What are the prime factors of 42835?
5, 13, 659
What are the prime factors of 111268?
2, 27817
List the prime factors of 1688832.
2, 3, 733
List the prime factors of 433045.
5, 257, 337
List the prime factors of 331271.
337, 983
What are the prime factors of 52371?
3, 11, 23
List the prime factors of 22429.
11, 2039
What are the prime factors of 33289697?
7, 43, 110597
List the prime factors of 11545415.
5, 7, 59, 5591
List the prime factors of 1735946.
2, 79, 10987
List the prime factors of 17115303.
3, 1483, 3847
What are the prime factors of 7195564?
2, 1798891
What are the prime factors of 7479599?
7479599
List the prime factors of 9103698.
2, 3, 19, 467
List the prime factors of 79109.
239, 331
List the prime factors of 177134.
2, 31, 2857
What are the prime factors of 322063?
7, 139, 331
What are the prime factors of 386276?
2, 11, 8779
What are the prime factors of 2181482?
2, 61, 17881
List the prime factors of 225482.
2, 112741
What are the prime factors of 1470375?
3, 5, 1307
What are the prime factors of 8454532?
2, 1361, 1553
List the prime factors of 6680035.
5, 31, 71, 607
List the prime factors of 18112255.
5, 7, 233, 2221
What are the prime factors of 15708332?
2, 3927083
What are the prime factors of 174101?
174101
What are the prime factors of 1079572?
2, 13, 1597
What are the prime factors of 736529?
23, 31, 1033
What are the prime factors of 9006315?
3, 5, 600421
What are the prime factors of 14615121?
3, 17, 53, 5407
What are the prime factors of 17953145?
5, 7, 43, 79, 151
What are the prime factors of 10920359?
149, 73291
What are the prime factors of 2886155?
5, 23, 25097
List the prime factors of 31436.
2, 29, 271
List the prime factors of 329612.
2, 19, 4337
List the prime factors of 2117303.
19, 47, 2371
What are the prime factors of 4500847?
13, 23, 15053
List the prime factors of 721651.
7, 103093
What are the prime factors of 370300?
2, 5, 7, 23
List the prime factors of 341736.
2, 3, 29, 491
List the prime factors of 24161197.
24161197
What are the prime factors of 222077?
137, 1621
What are the prime factors of 2570791?
17, 97, 1559
List the prime factors of 7881236.
2, 11, 179119
List the prime factors of 14925308.
2, 1439, 2593
List the prime factors of 4167945.
3, 5, 23, 4027
List the prime factors of 17201154.
2, 3, 47, 181, 337
What are the prime factors of 4151307?
3, 1383769
List the prime factors of 1795392.
2, 3, 1039
List the prime factors of 11848170.
2, 3, 5, 463, 853
What are the prime factors of 902855?
5, 53, 3407
What are the prime factors of 2126727?
3, 19, 12437
What are the prime factors of 6614867?
7, 353, 2677
List the prime factors of 232873.
59, 3947
List the prime factors of 7376878.
2, 17, 216967
What are the prime factors of 880463?
23, 38281
What are the prime factors of 401997?
3, 133999
What are the prime factors of 99457?
271, 367
List the prime factors of 150194.
2, 11, 6827
What are the prime factors of 67302?
2, 3, 3739
List the prime factors of 355036.
2, 11, 8069
What are the prime factors of 12636?
2, 3, 13
List the prime factors of 2052886.
2, 11, 17, 499
What are the prime factors of 116855?
5, 23371
What are the prime factors of 918592?
2, 31, 463
What are the prime factors of 3853859?
47, 167, 491
What are the prime factors of 216415?
5, 43283
List the prime factors of 1658515.
5, 89, 3727
What are the prime factors of 4437306?
2, 3, 17, 853
What are the prime factors of 3465566?
2, 13, 41, 3251
What are the prime factors of 84724?
2, 59, 359
What are the prime factors of 2169440?
2, 5, 7, 13, 149
List the prime factors of 2002859.
131, 15289
What are the prime factors of 6190734?
2, 3, 11, 97, 967
What are the prime factors of 4571435?
5, 11, 83117
List the prime factors of 1875641.
37, 163, 311
What are the prime factors of 6386452?
2, 313, 510